 1287.
1
Calculate the remainder when 3715045 is divided by 506.
499
What is the remainder when 288452 is divided by 288132?
320
What is the remainder when 45037679 is divided by 184?
183
What is the remainder when 1130781608 is divided by 10?
8
What is the remainder when 22993 is divided by 324?
313
Calculate the remainder when 4166850 is divided by 1759.
1538
What is the remainder when 580758 is divided by 4038?
3324
Calculate the remainder when 997712 is divided by 997698.
14
Calculate the remainder when 155080 is divided by 7245.
2935
What is the remainder when 4305846 is divided by 359?
0
What is the remainder when 241277 is divided by 24?
5
Calculate the remainder when 171967 is divided by 28659.
13
Calculate the remainder when 14040352 is divided by 1453.
13
What is the remainder when 669495 is divided by 76?
11
What is the remainder when 22324619 is divided by 60?
59
Calculate the remainder when 197580465 is divided by 103.
97
What is the remainder when 2115083 is divided by 710?
703
Calculate the remainder when 4756487 is divided by 1500.
1487
What is the remainder when 2648117 is divided by 2416?
181
Calculate the remainder when 252299 is divided by 328.
67
Calculate the remainder when 2116650 is divided by 11573.
10364
What is the remainder when 612938 is divided by 2786?
18
What is the remainder when 13204189 is divided by 319?
141
Calculate the remainder when 1253486 is divided by 8.
6
What is the remainder when 10593457 is divided by 18?
7
What is the remainder when 58996441 is divided by 26563?
18
What is the remainder when 4847205237 is divided by 15?
12
What is the remainder when 180592 is divided by 460?
272
What is the remainder when 23607058 is divided by 7869016?
10
What is the remainder when 1470694372 is divided by 625?
622
What is the remainder when 3435257 is divided by 429407?
1
What is the remainder when 6991302 is divided by 258?
18
What is the remainder when 64875687 is divided by 27?
6
What is the remainder when 35418 is divided by 7897?
3830
What is the remainder when 153140750 is divided by 565095?
5
Calculate the remainder when 12429021 is divided by 156.
33
Calculate the remainder when 3920075 is divided by 654.
653
Calculate the remainder when 26869090 is divided by 440.
50
Calculate the remainder when 91677945 is divided by 77235.
0
What is the remainder when 1581705 is divided by 217?
209
Calculate the remainder when 2938 is divided by 2779.
159
What is the remainder when 5204149 is divided by 10471?
62
What is the remainder when 1741190 is divided by 116073?
95
What is the remainder when 48450 is divided by 552?
426
Calculate the remainder when 4310937 is divided by 287.
197
Calculate the remainder when 10615699 is divided by 948.
943
What is the remainder when 1963008 is divided by 78?
60
What is the remainder when 1194839 is divided by 597400?
39
Calculate the remainder when 338531 is divided by 930.
11
What is the remainder when 88221 is divided by 7327?
297
Calculate the remainder when 4534150 is divided by 470.
60
What is the remainder when 4274465 is divided by 278?
215
What is the remainder when 12839656 is divided by 1433?
1409
What is the remainder when 1330798 is divided by 558?
526
What is the remainder when 6017290 is divided by 1062?
1060
Calculate the remainder when 1094728 is divided by 109471.
18
What is the remainder when 789717 is divided by 2835?
1587
What is the remainder when 210187 is divided by 70018?
133
What is the remainder when 86674 is divided by 21290?
1514
What is the remainder when 38979 is divided by 651?
570
What is the remainder when 156671 is divided by 1538?
1333
What is the remainder when 4605526 is divided by 49?
16
What is the remainder when 63797 is divided by 389?
1
What is the remainder when 47694021 is divided by 2238?
3
Calculate the remainder when 50493557 is divided by 523.
522
Calculate the remainder when 717422 is divided by 119444.
758
Calculate the remainder when 1788016 is divided by 19225.
91
Calculate the remainder when 293769 is divided by 607.
588
What is the remainder when 7375671 is divided by 154?
149
Calculate the remainder when 350495 is divided by 5069.
734
What is the remainder when 16425094 is divided by 380?
354
What is the remainder when 271953 is divided by 922?
885
Calculate the remainder when 963988805 is divided by 2398.
2397
Calculate the remainder when 8606328 is divided by 503.
501
Calculate the remainder when 1168370 is divided by 2401.
1484
What is the remainder when 11194 is divided by 7593?
3601
What is the remainder when 3901177 is divided by 3989?
3924
What is the remainder when 135220 is divided by 67572?
76
Calculate the remainder when 247143 is divided by 246910.
233
Calculate the remainder when 90385 is divided by 435.
340
What is the remainder when 15637805 is divided by 194?
47
Calculate the remainder when 5097764 is divided by 71798.
106
Calculate the remainder when 752373 is divided by 150470.
23
What is the remainder when 182494 is divided by 1517?
454
Calculate the remainder when 9314848 is divided by 114998.
10
What is the remainder when 27266217 is divided by 13633098?
21
What is the remainder when 158112 is divided by 2638?
2470
Calculate the remainder when 6811464 is divided by 39.
36
What is the remainder when 156832 is divided by 19527?
616
Calculate the remainder when 903606 is divided by 2063.
12
What is the remainder when 18392372 is divided by 7313?
177
Calculate the remainder when 9085077 is divided by 113.
103
What is the remainder when 25481763 is divided by 553951?
17
Calculate the remainder when 1304367 is divided by 217041.
2121
Calculate the remainder when 270493 is divided by 3122.
2001
Calculate the remainder when 16822579 is divided by 188.
151
What is the remainder when 1648698 is divided by 470?
408
Calculate the remainder when 35623475 is divided by 791.
790
What is the remainder when 1665707 is divided by 9628?
63
Calculate the remainder when 1146772 is divided by 32750.
522
What is the remainder when 25254519 is divided by 14172?
15
What is the remainder when 15093493 is divided by 533?
532
Calculate the remainder when 144197 is divided by 71.
67
What is the remainder when 158598277 is divided by 2020?
2017
Calculate the remainder when 13620962 is divided by 70.
12
Calculate the remainder when 81836 is divided by 6816.
44
What is the remainder when 9530011 is divided by 1588328?
43
What is the remainder when 48009284 is divided by 7055?
9
Calculate the remainder when 8008295 is divided by 527.
3
Calculate the remainder when 152805 is divided by 602.
499
Calculate the remainder when 34986 is divided by 5819.
72
Calculate the remainder when 13665432 is divided by 21.
18
Calculate the remainder when 3691720 is divided by 40.
0
What is the remainder when 2405255 is divided by 114535?
20
Calculate the remainder when 3379382 is divided by 60344.
118
What is the remainder when 2944999 is divided by 950?
949
Calculate the remainder when 48567 is divided by 48058.
509
What is the remainder when 43041 is divided by 3421?
1989
Calculate the remainder when 597566 is divided by 491.
19
What is the remainder when 508479 is divided by 119?
111
What is the remainder when 407327864 is divided by 471?
470
Calculate the remainder when 472050 is divided by 6812.
2022
Calculate the remainder when 733538 is divided by 56426.
0
Calculate the remainder when 125339885 is divided by 729.
728
What is the remainder when 25960546 is divided by 3025?
3021
Calculate the remainder when 1734040433 is divided by 19.
18
What is the remainder when 30454045 is divided by 173?
163
Calculate the remainder when 615935 is divided by 1180.
1155
Calculate the remainder when 2021912 is divided by 1010738.
436
What is the remainder when 1828638 is divided by 228572?
62
What is the remainder when 113172 is divided by 1018?
174
What is the remainder when 1165309 is divided by 10?
9
What is the remainder when 9785318 is divided by 226?
196
Calculate the remainder when 13866506 is divided by 9344.
10
What is the remainder when 29412553 is divided by 180?
13
What is the remainder when 4273950 is divided by 184?
182
Calculate the remainder when 84308070 is divided by 241.
4
Calculate the remainder when 471292 is divided by 3833.
3666
Calcul